f 1721745?
5
What is the ten thousands digit of 145270?
4
What is the tens digit of 13144307?
0
What is the hundred thousands digit of 871939?
8
What is the ten thousands digit of 7108878?
0
What is the thousands digit of 8320114?
0
What is the millions digit of 1327226?
1
What is the hundred thousands digit of 1041720?
0
What is the units digit of 2169856?
6
What is the hundred thousands digit of 1323045?
3
What is the thousands digit of 1633326?
3
What is the units digit of 1313001?
1
What is the ten thousands digit of 281486?
8
What is the ten thousands digit of 1846341?
4
What is the units digit of 267716?
6
What is the units digit of 3007052?
2
What is the ten thousands digit of 22327109?
2
What is the hundreds digit of 4925157?
1
What is the thousands digit of 1170262?
0
What is the tens digit of 174102?
0
What is the hundreds digit of 521734?
7
What is the hundreds digit of 558963?
9
What is the hundreds digit of 2239872?
8
What is the ten thousands digit of 1785269?
8
What is the hundred thousands digit of 138995?
1
What is the ten thousands digit of 2924187?
2
What is the ten thousands digit of 822903?
2
What is the units digit of 431405?
5
What is the millions digit of 1431108?
1
What is the units digit of 4717403?
3
What is the hundreds digit of 934365?
3
What is the hundred thousands digit of 737131?
7
What is the tens digit of 32872226?
2
What is the units digit of 52304?
4
What is the millions digit of 13764394?
3
What is the ten thousands digit of 12419973?
1
What is the tens digit of 60947?
4
What is the thousands digit of 836682?
6
What is the hundred thousands digit of 205008?
2
What is the units digit of 3621172?
2
What is the ten thousands digit of 21309746?
0
What is the thousands digit of 4839659?
9
What is the ten thousands digit of 62902?
6
What is the tens digit of 7570278?
7
What is the thousands digit of 101177?
1
What is the tens digit of 9405688?
8
What is the hundred thousands digit of 1553870?
5
What is the hundred thousands digit of 2650114?
6
What is the thousands digit of 84462?
4
What is the tens digit of 2948445?
4
What is the hundreds digit of 1102237?
2
What is the hundred thousands digit of 9797089?
7
What is the tens digit of 212011?
1
What is the thousands digit of 14814822?
4
What is the tens digit of 13331076?
7
What is the ten millions digit of 13257283?
1
What is the tens digit of 232594?
9
What is the thousands digit of 732304?
2
What is the units digit of 24253649?
9
What is the tens digit of 234098?
9
What is the units digit of 4647313?
3
What is the ten millions digit of 25602079?
2
What is the thousands digit of 1675372?
5
What is the thousands digit of 512436?
2
What is the units digit of 9244695?
5
What is the hundred thousands digit of 410727?
4
What is the units digit of 752653?
3
What is the hundred thousands digit of 894340?
8
What is the thousands digit of 87927?
7
What is the thousands digit of 10211064?
1
What is the ten thousands digit of 6582544?
8
What is the units digit of 15634588?
8
What is the tens digit of 551052?
5
What is the hundred thousands digit of 4852218?
8
What is the hundreds digit of 40231?
2
What is the ten thousands digit of 11472?
1
What is the hundreds digit of 135530?
5
What is the tens digit of 2168820?
2
What is the millions digit of 12298875?
2
What is the ten millions digit of 28390037?
2
What is the ten thousands digit of 143407?
4
What is the tens digit of 2813018?
1
What is the millions digit of 6378598?
6
What is the hundreds digit of 3056205?
2
What is the hundreds digit of 213634?
6
What is the tens digit of 669880?
8
What is the hundred thousands digit of 767373?
7
What is the millions digit of 14459862?
4
What is the units digit of 46417?
7
What is the hundreds digit of 245031?
0
What is the hundreds digit of 69610?
6
What is the thousands digit of 150780?
0
What is the tens digit of 836312?
1
What is the ten thousands digit of 14098645?
9
What is the tens digit of 2643153?
5
What is the tens digit of 29837?
3
What is the tens digit of 22264?
6
What is the thousands digit of 2921714?
1
What is the ten thousands digit of 34480?
3
What is the tens digit of 1995253?
5
What is the hundreds digit of 15986894?
8
What is the hundred thousands digit of 698883?
6
What is the units digit of 2119824?
4
What is the thousands digit of 2871214?
1
What is the thousands digit of 695980?
5
What is the tens digit of 222904?
0
What is the ten thousands digit of 326316?
2
What is the hundreds digit of 172661?
6
What is the hundreds digit of 2851605?
6
What is the ten thousands digit of 8654757?
5
What is the thousands digit of 859964?
9
What is the thousands digit of 214194?
4
What is the hundreds digit of 3203907?
9
What is the units digit of 2241010?
0
What is the ten millions digit of 27630728?
2
What is the thousands digit of 1022301?
2
What is the units digit of 237183?
3
What is the thousands digit of 6110869?
0
What is the units digit of 255656?
6
What is the units digit of 14142254?
4
What is the ten thousands digit of 21637?
2
What is the units digit of 1627211?
1
What is the ten thousands digit of 610843?
1
What is the ten thousands digit of 434641?
3
What is the hundred thousands digit of 17619522?
6
What is the hundred thousands digit of 546105?
5
What is the units digit of 226250?
0
What is the ten thousands digit of 121256?
2
What is the hundreds digit of 1373851?
8
What is the hundreds digit of 75087?
0
What is the thousands digit of 4137346?
7
What is the hundreds digit of 2966536?
5
What is the tens digit of 22478491?
9
What is the millions digit of 8869017?
8
What is the ten thousands digit of 698868?
9
What is the units digit of 11689141?
1
What is the hundreds digit of 823450?
4
What is the thousands digit of 1471645?
1
What is the tens digit of 736253?
5
What is the tens digit of 1225720?
2
What is the tens digit of 30182685?
8
What is the units digit of 3867331?
1
What is the thousands digit of 863702?
3
What is the hundreds digit of 684258?
2
What is the units digit of 9166708?
8
What is the tens digit of 123852?
5
What is the ten thousands digit of 94242?
9
What is the ten thousands digit of 3038490?
3
What is the ten thousands digit of 154885?
5
What is the thousands digit of 3973408?
3
What is the hundred thousands digit of 618958?
6
What is the ten thousands digit of 1645567?
4
What is the tens digit of 114226?
2
What is the tens digit of 814956?
5
What is the tens digit of 1644005?
0
What is the ten thousands digit of 2187383?
8
What is the ten thousands digit of 182949?
8
What is the units digit of 54814?
4
What is the tens digit of 76776?
7
What is the hundreds digit of 421094?
0
What is the hundred thousands digit of 1079252?
0
What is the hundred thousands digit of 2693883?
6
What is the millions digit of 8591673?
8
What is the hundreds digit of 598744?
7
What is the millions digit of 1069174?
1
What is the units digit of 4164?
4
What is the ten thousands digit of 36162309?
6
What is the units digit of 313158?
8
What is the thousands digit of 370692?
0
What is the hundreds digit of 14851?
8
What is the units digit of 459206?
6
What is the ten thousands digit of 1560230?
6
What is the hundred thousands digit of 943642?
9
What is the ten thousands digit of 360115?
6
What is the hundred thousands digit of 232970?
2
What is the hundred thousands digit of 27040463?
0
What is the tens digit of 363310?
1
What is the tens digit of 445992?
9
What is the units digit of 1314067?
7
What is the ten thousands digit of 2625384?
2
What is the thousands digit of 58542?
8
What is the tens digit of 665573?
7
What is the thousands digit of 8461?
8
What is the tens digit of 3112244?
4
What is the ten thousands digit of 1009537?
0
What is the ten thousands digit of 805936?
0
What is the units digit of 679602?
2
What is the ten millions digit of 22191345?
2
What is the hundreds digit of 284482?
4
What is the ten thousands digit of 314298?
1
What is the hundreds digit of 1009352?
3
What is the hundreds digit of 1023774?
7
What is the units digit of 234780?
0
What is the units digit of 25714458?
8
What is the hundred thousands digit of 299461?
2
What is the hundred thousands digit of 1305197?
3
What is the hundred thousands digit of 606202?
6
What is the tho